st common divisor of 187 and 34.
17
Calculate the highest common factor of 37 and 5883.
37
What is the greatest common factor of 49 and 1?
1
Calculate the greatest common factor of 19474 and 214.
214
Calculate the greatest common factor of 6264 and 108.
108
Calculate the highest common factor of 3 and 672.
3
Calculate the greatest common divisor of 52 and 25376.
52
Calculate the greatest common factor of 45 and 855.
45
Calculate the highest common factor of 4 and 2.
2
Calculate the greatest common factor of 266 and 38.
38
What is the greatest common factor of 37989 and 63?
63
What is the greatest common factor of 681 and 3?
3
What is the greatest common divisor of 1414 and 3232?
202
What is the highest common divisor of 143 and 88?
11
What is the highest common factor of 954 and 108?
18
What is the highest common factor of 40 and 400?
40
What is the greatest common divisor of 116 and 406?
58
Calculate the greatest common divisor of 278 and 14.
2
Calculate the greatest common factor of 2 and 422.
2
Calculate the greatest common factor of 288 and 7104.
96
What is the greatest common factor of 9603 and 66?
33
What is the highest common divisor of 12 and 22782?
6
Calculate the greatest common factor of 112 and 21.
7
Calculate the highest common divisor of 18 and 198.
18
Calculate the greatest common factor of 75 and 45.
15
Calculate the greatest common divisor of 65 and 598.
13
Calculate the highest common factor of 9 and 2043.
9
Calculate the greatest common divisor of 15 and 705.
15
Calculate the greatest common divisor of 330 and 540.
30
Calculate the greatest common factor of 51 and 119.
17
What is the highest common divisor of 77 and 161?
7
Calculate the greatest common factor of 323 and 1819.
17
Calculate the highest common divisor of 504 and 27.
9
Calculate the greatest common factor of 122 and 8.
2
What is the highest common factor of 644 and 28?
28
Calculate the greatest common factor of 1059 and 6.
3
Calculate the greatest common factor of 312 and 13.
13
Calculate the greatest common divisor of 490 and 40.
10
What is the greatest common factor of 18 and 846?
18
Calculate the highest common factor of 4 and 3798.
2
What is the greatest common divisor of 1808 and 32?
16
What is the highest common factor of 35 and 14?
7
What is the greatest common factor of 125 and 2875?
125
Calculate the greatest common factor of 791 and 21.
7
What is the greatest common divisor of 425 and 2650?
25
Calculate the highest common factor of 7 and 3.
1
Calculate the greatest common factor of 25 and 535.
5
Calculate the greatest common factor of 549 and 18.
9
What is the highest common divisor of 405 and 285?
15
What is the greatest common divisor of 448 and 70?
14
Calculate the greatest common divisor of 297 and 121.
11
Calculate the greatest common factor of 517 and 11.
11
What is the greatest common factor of 715 and 2475?
55
What is the highest common factor of 725 and 25?
25
Calculate the greatest common factor of 13533 and 39.
39
Calculate the greatest common factor of 9 and 4821.
3
Calculate the highest common divisor of 57 and 741.
57
What is the highest common divisor of 196 and 7546?
98
What is the greatest common factor of 98 and 8624?
98
Calculate the highest common divisor of 2596 and 220.
44
Calculate the highest common factor of 350 and 100.
50
Calculate the greatest common divisor of 308 and 52.
4
Calculate the greatest common factor of 8 and 472.
8
Calculate the greatest common divisor of 52 and 20.
4
Calculate the highest common factor of 1635 and 5.
5
What is the greatest common divisor of 632 and 40?
8
What is the highest common divisor of 572 and 585?
13
Calculate the highest common divisor of 508 and 4.
4
What is the highest common factor of 3914 and 38?
38
Calculate the highest common factor of 110 and 242.
22
Calculate the greatest common divisor of 6 and 2277.
3
Calculate the greatest common divisor of 264 and 384.
24
Calculate the greatest common factor of 806 and 1178.
62
What is the greatest common divisor of 3048 and 9?
3
Calculate the highest common factor of 13 and 403.
13
What is the highest common divisor of 15 and 12?
3
What is the greatest common factor of 1914 and 60?
6
Calculate the greatest common divisor of 21 and 21.
21
What is the greatest common divisor of 216 and 108?
108
What is the greatest common divisor of 63 and 72?
9
Calculate the greatest common divisor of 24 and 640.
8
What is the highest common divisor of 6107 and 93?
31
Calculate the greatest common divisor of 2 and 438.
2
What is the greatest common factor of 2912 and 1352?
104
What is the greatest common divisor of 22 and 77?
11
What is the greatest common factor of 12530 and 140?
70
Calculate the highest common factor of 819 and 63.
63
What is the highest common divisor of 44 and 55?
11
Calculate the highest common factor of 78 and 1032.
6
Calculate the greatest common factor of 2871 and 66.
33
What is the greatest common factor of 64 and 160?
32
What is the greatest common divisor of 4152 and 24?
24
What is the greatest common divisor of 92 and 16?
4
Calculate the greatest common factor of 10 and 380.
10
What is the greatest common divisor of 12 and 59244?
12
What is the highest common factor of 78 and 66?
6
Calculate the highest common divisor of 16 and 3256.
8
Calculate the greatest common factor of 144 and 2205.
9
Calculate the highest common factor of 42072 and 24.
24
Calculate the greatest common divisor of 2100 and 364.
28
Calculate the highest common factor of 12 and 150.
6
What is the greatest common factor of 25 and 405?
5
Calculate the highest common factor of 5200 and 320.
80
What is the greatest common factor of 104 and 91?
13
What is the greatest common divisor of 4 and 8156?
4
Calculate the highest common factor of 7430 and 20.
10
Calculate the highest common divisor of 21 and 2919.
21
What is the highest common factor of 5456 and 132?
44
What is the greatest common factor of 882 and 1176?
294
What is the highest common factor of 35 and 10?
5
What is the greatest common factor of 680 and 306?
34
Calculate the greatest common divisor of 37840 and 60.
20
Calculate the highest common factor of 13695 and 330.
165
Calculate the greatest common divisor of 5 and 10.
5
Calculate the greatest common divisor of 15 and 565.
5
Calculate the highest common divisor of 208 and 52.
52
Calculate the greatest common divisor of 28 and 364.
28
What is the greatest common divisor of 40 and 3148?
4
What is the highest common divisor of 40 and 45?
5
Calculate the highest common factor of 85 and 272.
17
Calculate the greatest common factor of 435 and 3683.
29
Calculate the highest common factor of 1515 and 45.
15
Calculate the highest common factor of 357 and 102.
51
Calculate the highest common divisor of 290 and 2436.
58
What is the highest common divisor of 925 and 1600?
25
Calculate the greatest common factor of 2 and 34.
2
What is the greatest common divisor of 47 and 17?
1
What is the greatest common divisor of 198 and 18?
18
Calculate the greatest common factor of 60 and 20028.
12
What is the greatest common factor of 4284 and 204?
204
What is the greatest common divisor of 2773 and 531?
59
Calculate the greatest common divisor of 705 and 105.
15
What is the greatest common divisor of 1905 and 15?
15
Calculate the highest common factor of 14357 and 147.
49
Calculate the highest common factor of 168 and 1806.
42
Calculate the highest common divisor of 19100 and 200.
100
What is the highest common divisor of 187 and 22?
11
What is the highest common factor of 84 and 252?
84
Calculate the greatest common divisor of 578 and 2601.
289
What is the greatest common factor of 348 and 456?
12
What is the highest common divisor of 32 and 32?
32
What is the highest common factor of 12 and 129?
3
What is the highest common divisor of 1242 and 46?
46
Calculate the greatest common divisor of 208 and 32.
16
Calculate the highest common factor of 76 and 12692.
76
Calculate the greatest common factor of 16 and 64.
16
Calculate the greatest common divisor of 198 and 11.
11
What is the greatest common factor of 55 and 2310?
55
What is the greatest common divisor of 182 and 3666?
26
Calculate the highest common divisor of 6 and 2988.
6
What is the greatest common factor of 40